usands digit of 333866?
3
What is the hundred thousands digit of 8064368?
0
What is the thousands digit of 3383102?
3
What is the units digit of 153671?
1
What is the hundreds digit of 60031?
0
What is the ten thousands digit of 172543?
7
What is the units digit of 259785?
5
What is the units digit of 3363781?
1
What is the units digit of 4439035?
5
What is the ten thousands digit of 1463052?
6
What is the ten thousands digit of 252259?
5
What is the thousands digit of 2497056?
7
What is the hundreds digit of 824005?
0
What is the thousands digit of 235568?
5
What is the hundreds digit of 5905202?
2
What is the hundreds digit of 38482883?
8
What is the tens digit of 428070?
7
What is the hundreds digit of 58645?
6
What is the ten thousands digit of 10723603?
2
What is the hundred thousands digit of 531110?
5
What is the thousands digit of 4003605?
3
What is the ten thousands digit of 7395210?
9
What is the millions digit of 1205791?
1
What is the hundreds digit of 7007883?
8
What is the tens digit of 533547?
4
What is the millions digit of 1051981?
1
What is the hundred thousands digit of 19834420?
8
What is the hundreds digit of 23396195?
1
What is the hundreds digit of 579582?
5
What is the units digit of 1603085?
5
What is the hundreds digit of 15264687?
6
What is the thousands digit of 561703?
1
What is the hundreds digit of 3399935?
9
What is the tens digit of 82496?
9
What is the ten thousands digit of 180853?
8
What is the ten thousands digit of 6428856?
2
What is the millions digit of 21491359?
1
What is the tens digit of 2977306?
0
What is the tens digit of 584741?
4
What is the thousands digit of 198657?
8
What is the units digit of 704876?
6
What is the ten thousands digit of 2115014?
1
What is the hundred thousands digit of 6632665?
6
What is the hundreds digit of 27043?
0
What is the ten thousands digit of 677686?
7
What is the units digit of 418575?
5
What is the units digit of 718892?
2
What is the hundreds digit of 17444986?
9
What is the ten thousands digit of 16583370?
8
What is the units digit of 49943?
3
What is the hundred thousands digit of 829761?
8
What is the thousands digit of 631767?
1
What is the ten thousands digit of 150501?
5
What is the millions digit of 1364637?
1
What is the hundred thousands digit of 178212?
1
What is the tens digit of 1288770?
7
What is the tens digit of 1790344?
4
What is the units digit of 8101530?
0
What is the ten thousands digit of 38581843?
8
What is the hundred thousands digit of 230137?
2
What is the hundreds digit of 3125727?
7
What is the units digit of 221210?
0
What is the units digit of 5581827?
7
What is the thousands digit of 271931?
1
What is the hundreds digit of 270152?
1
What is the ten thousands digit of 244913?
4
What is the hundreds digit of 312920?
9
What is the hundred thousands digit of 198737?
1
What is the ten thousands digit of 1355336?
5
What is the ten thousands digit of 3984480?
8
What is the units digit of 839643?
3
What is the units digit of 13971?
1
What is the thousands digit of 293297?
3
What is the hundred thousands digit of 9244937?
2
What is the tens digit of 111777?
7
What is the units digit of 3774210?
0
What is the hundred thousands digit of 1236416?
2
What is the thousands digit of 828217?
8
What is the tens digit of 1191221?
2
What is the thousands digit of 295623?
5
What is the ten thousands digit of 913965?
1
What is the hundred thousands digit of 2106918?
1
What is the thousands digit of 505329?
5
What is the hundreds digit of 1838663?
6
What is the hundreds digit of 2864324?
3
What is the units digit of 370057?
7
What is the tens digit of 12946126?
2
What is the thousands digit of 383999?
3
What is the units digit of 222875?
5
What is the thousands digit of 12873?
2
What is the tens digit of 391190?
9
What is the tens digit of 669638?
3
What is the units digit of 618844?
4
What is the ten millions digit of 16378057?
1
What is the hundreds digit of 1367855?
8
What is the hundreds digit of 348829?
8
What is the hundreds digit of 105509?
5
What is the millions digit of 5989743?
5
What is the ten thousands digit of 22460491?
6
What is the thousands digit of 34238432?
8
What is the tens digit of 9813309?
0
What is the ten thousands digit of 724141?
2
What is the hundred thousands digit of 183902?
1
What is the hundred thousands digit of 555875?
5
What is the tens digit of 1011936?
3
What is the thousands digit of 156917?
6
What is the thousands digit of 234848?
4
What is the tens digit of 719084?
8
What is the hundreds digit of 2178372?
3
What is the units digit of 71190?
0
What is the units digit of 828391?
1
What is the ten millions digit of 13707604?
1
What is the thousands digit of 36596557?
6
What is the hundreds digit of 3548115?
1
What is the millions digit of 4125975?
4
What is the hundreds digit of 26837345?
3
What is the tens digit of 1410733?
3
What is the units digit of 42578?
8
What is the ten thousands digit of 327245?
2
What is the units digit of 8854355?
5
What is the hundred thousands digit of 841351?
8
What is the tens digit of 23111676?
7
What is the tens digit of 118804?
0
What is the millions digit of 2036437?
2
What is the units digit of 248690?
0
What is the ten thousands digit of 7721535?
2
What is the ten thousands digit of 409422?
0
What is the thousands digit of 773921?
3
What is the thousands digit of 26629380?
9
What is the units digit of 9142292?
2
What is the ten thousands digit of 3154860?
5
What is the units digit of 2678883?
3
What is the millions digit of 1826202?
1
What is the units digit of 3704060?
0
What is the tens digit of 3822770?
7
What is the thousands digit of 203480?
3
What is the tens digit of 849502?
0
What is the ten thousands digit of 5954641?
5
What is the tens digit of 662685?
8
What is the units digit of 22647526?
6
What is the tens digit of 110728?
2
What is the units digit of 302311?
1
What is the hundred thousands digit of 654431?
6
What is the tens digit of 22581821?
2
What is the tens digit of 1025?
2
What is the tens digit of 158?
5
What is the millions digit of 6185589?
6
What is the tens digit of 1313929?
2
What is the hundred thousands digit of 6911421?
9
What is the units digit of 492185?
5
What is the hundreds digit of 772343?
3
What is the tens digit of 73941?
4
What is the tens digit of 461074?
7
What is the hundreds digit of 22216350?
3
What is the ten thousands digit of 10246685?
4
What is the hundreds digit of 584017?
0
What is the tens digit of 316304?
0
What is the units digit of 776815?
5
What is the tens digit of 152604?
0
What is the hundred thousands digit of 12453564?
4
What is the ten thousands digit of 670671?
7
What is the thousands digit of 105664?
5
What is the tens digit of 4569643?
4
What is the thousands digit of 7904346?
4
What is the hundreds digit of 739807?
8
What is the hundred thousands digit of 5121555?
1
What is the units digit of 458244?
4
What is the hundred thousands digit of 11540303?
5
What is the units digit of 86735?
5
What is the millions digit of 3030161?
3
What is the ten thousands digit of 71570?
7
What is the hundreds digit of 28459291?
2
What is the tens digit of 1373265?
6
What is the ten millions digit of 24486888?
2
What is the hundred thousands digit of 2081636?
0
What is the ten thousands digit of 5877898?
7
What is the units digit of 133766?
6
What is the thousands digit of 7284347?
4
What is the millions digit of 21696838?
1
What is the hundreds digit of 12065440?
4
What is the ten thousands digit of 631504?
3
What is the hundred thousands digit of 118120?
1
What is the hundred thousands digit of 2181088?
1
What is the units digit of 15305146?
6
What is the hundred thousands digit of 382875?
3
What is the ten thousands digit of 7982825?
8
What is the millions digit of 7288781?
7
What is the thousands digit of 188568?
8
What is the units digit of 1010827?
7
What is the thousands digit of 5172595?
2
What is the hundreds digit of 7266071?
0
What is the units digit of 2446728?
8
What is the units digit of 7567093?
3
What is the ten thousands digit of 10520341?
2
What is the millions digit of 14428484?
4
What is the hundreds digit of 3405889?
8
What is the hundreds digit of 32179?
1
What is the ten thousands digit of 7510025?
1
What is the